{"id":11,"date":"2026-01-13T17:43:02","date_gmt":"2026-01-13T16:43:02","guid":{"rendered":"https:\/\/www.bimmerl.at\/?page_id=11"},"modified":"2026-02-05T10:42:17","modified_gmt":"2026-02-05T09:42:17","slug":"start","status":"publish","type":"page","link":"https:\/\/www.bimmerl.at\/","title":{"rendered":"WHY?"},"content":{"rendered":"\n<h2 class=\"wp-block-heading\">&#8230; schon wieder eine neue homepage?<\/h2>\n\n\n\n<blockquote class=\"wp-block-quote is-layout-flow wp-block-quote-is-layout-flow\">\n<div class=\"wp-block-group is-nowrap is-layout-flex wp-container-core-group-is-layout-6c531013 wp-block-group-is-layout-flex\">\n<p class=\"is-style-text-display is-style-text-display--1\">&#8222;&#8230; he not busy being born is busy dying&#8220; (Bob Dylan)<\/p>\n\n\n\n<figure class=\"wp-block-image size-full\"><img loading=\"lazy\" decoding=\"async\" width=\"818\" height=\"962\" src=\"https:\/\/www.bimmerl.at\/wp-content\/uploads\/2026\/01\/2C71B82B-C19D-4CE8-9551-E9D567C00EC4_1_105_c.jpeg\" alt=\"\" class=\"wp-image-13\" srcset=\"https:\/\/www.bimmerl.at\/wp-content\/uploads\/2026\/01\/2C71B82B-C19D-4CE8-9551-E9D567C00EC4_1_105_c.jpeg 818w, https:\/\/www.bimmerl.at\/wp-content\/uploads\/2026\/01\/2C71B82B-C19D-4CE8-9551-E9D567C00EC4_1_105_c-255x300.jpeg 255w, https:\/\/www.bimmerl.at\/wp-content\/uploads\/2026\/01\/2C71B82B-C19D-4CE8-9551-E9D567C00EC4_1_105_c-768x903.jpeg 768w\" sizes=\"auto, (max-width: 818px) 100vw, 818px\" \/><\/figure>\n\n\n\n<p><\/p>\n<\/div>\n<\/blockquote>\n\n\n\n<div class=\"wp-block-group is-nowrap is-layout-flex wp-container-core-group-is-layout-6c531013 wp-block-group-is-layout-flex\">\n<p>Jetzt wo das Internet schon so alt ist (und ich noch um einiges \u00e4lter!) beginne ich mit dem Schreiben von Blogs, m\u00f6chte ich Podcasts erstellen! Wozu das alles? Weil mir so fad ist? Weil ich glaube, dass ich der Welt da drau\u00dfen (wo das &#8222;drau\u00dfen&#8220; auch immer ist!) etwas zu sagen habe, was sie nicht schon l\u00e4ngst wei\u00df?<\/p>\n<\/div>\n\n\n\n<p>Es ist ein Spiel. <\/p>\n\n\n\n<p>Immer etwas Neues beginnen, und sich nicht bequem auf der eigenen Vergangenheit ausruhen. <\/p>\n\n\n\n<p>Ihr werdet von meinen Interessen und Erlebnissen erfahren , ihr werdet mit meiner Sicht auf die Welt und ihre vielf\u00e4ltigen Erscheinungen konfrontiert, wenn ihr mitspielt &#8230; <\/p>\n\n\n\n<p><a href=\"https:\/\/www.bimmerl.at\/wp-admin\/post.php?post=66&amp;action=edit\">\u00dcber mich<\/a><\/p>\n\n\n\n<p><\/p>\n\n\n\n<div class=\"wp-block-group has-global-padding is-layout-constrained wp-block-group-is-layout-constrained\" style=\"padding-top:var(--wp--preset--spacing--60);padding-bottom:var(--wp--preset--spacing--50)\">\n<div class=\"wp-block-group alignwide is-layout-flow wp-block-group-is-layout-flow\"><div class=\"is-default-size wp-block-site-logo\"><a href=\"https:\/\/www.bimmerl.at\/\" class=\"custom-logo-link\" rel=\"home\"><img loading=\"lazy\" decoding=\"async\" width=\"818\" height=\"962\" src=\"https:\/\/www.bimmerl.at\/wp-content\/uploads\/2026\/01\/2C71B82B-C19D-4CE8-9551-E9D567C00EC4_1_105_c.jpeg\" class=\"custom-logo\" alt=\"bimmerl.at\" srcset=\"https:\/\/www.bimmerl.at\/wp-content\/uploads\/2026\/01\/2C71B82B-C19D-4CE8-9551-E9D567C00EC4_1_105_c.jpeg 818w, https:\/\/www.bimmerl.at\/wp-content\/uploads\/2026\/01\/2C71B82B-C19D-4CE8-9551-E9D567C00EC4_1_105_c-255x300.jpeg 255w, https:\/\/www.bimmerl.at\/wp-content\/uploads\/2026\/01\/2C71B82B-C19D-4CE8-9551-E9D567C00EC4_1_105_c-768x903.jpeg 768w\" sizes=\"auto, (max-width: 818px) 100vw, 818px\" \/><\/a><\/div>\n\n\n<div class=\"wp-block-group alignfull is-content-justification-space-between is-layout-flex wp-container-core-group-is-layout-e5edad21 wp-block-group-is-layout-flex\">\n<div class=\"wp-block-columns is-layout-flex wp-container-core-columns-is-layout-28f84493 wp-block-columns-is-layout-flex\">\n<div class=\"wp-block-column is-layout-flow wp-block-column-is-layout-flow\" style=\"flex-basis:100%\"><h2 class=\"wp-block-site-title\"><a href=\"https:\/\/www.bimmerl.at\" target=\"_self\" rel=\"home\">bimmerl.at<\/a><\/h2>\n\n<p class=\"wp-block-site-tagline\">&#8230; schon wieder eine neue Homepage!<\/p><\/div>\n\n\n\n<div class=\"wp-block-column is-layout-flow wp-block-column-is-layout-flow\">\n<div style=\"height:var(--wp--preset--spacing--40);width:0px\" aria-hidden=\"true\" class=\"wp-block-spacer\"><\/div>\n<\/div>\n<\/div>\n\n\n\n<div class=\"wp-block-group is-content-justification-space-between is-layout-flex wp-container-core-group-is-layout-570722b2 wp-block-group-is-layout-flex\">\n<div class=\"wp-block-columns is-layout-flex wp-container-core-columns-is-layout-28f84493 wp-block-columns-is-layout-flex\">\n<div class=\"wp-block-column is-layout-flow wp-block-column-is-layout-flow\"><\/div>\n<\/div>\n<\/div>\n<\/div>\n\n\n\n<div class=\"wp-block-group alignfull is-content-justification-space-between is-layout-flex wp-container-core-group-is-layout-91e87306 wp-block-group-is-layout-flex\">\n<p class=\"has-small-font-size\">Twenty Twenty-Five<\/p>\n\n\n\n<p class=\"has-small-font-size\">\n\t\t\t\tGestaltet mit <a href=\"https:\/\/de.wordpress.org\" rel=\"nofollow\">WordPress<\/a>\t\t\t<\/p>\n<\/div>\n<\/div>\n\n\n\n<div data-wp-context=\"{ &quot;autoclose&quot;: false, &quot;accordionItems&quot;: [] }\" data-wp-interactive=\"core\/accordion\" role=\"group\" class=\"wp-block-accordion is-layout-flow wp-block-accordion-is-layout-flow\">\n<div data-wp-class--is-open=\"state.isOpen\" data-wp-context=\"{ &quot;id&quot;: &quot;accordion-item-2&quot;, &quot;openByDefault&quot;: false }\" data-wp-init=\"callbacks.initAccordionItems\" data-wp-on-window--hashchange=\"callbacks.hashChange\" class=\"wp-block-accordion-item is-layout-flow wp-block-accordion-item-is-layout-flow\">\n<h3 class=\"wp-block-accordion-heading\"><button aria-expanded=\"false\" aria-controls=\"accordion-item-2-panel\" data-wp-bind--aria-expanded=\"state.isOpen\" data-wp-on--click=\"actions.toggle\" data-wp-on--keydown=\"actions.handleKeyDown\" id=\"accordion-item-2\" type=\"button\" class=\"wp-block-accordion-heading__toggle\"><span class=\"wp-block-accordion-heading__toggle-title\">Impressum<\/span><span class=\"wp-block-accordion-heading__toggle-icon\" aria-hidden=\"true\">+<\/span><\/button><\/h3>\n\n\n\n<div inert aria-labelledby=\"accordion-item-2\" data-wp-bind--inert=\"!state.isOpen\" id=\"accordion-item-2-panel\" role=\"region\" class=\"wp-block-accordion-panel is-layout-flow wp-block-accordion-panel-is-layout-flow\"><ul class=\"wp-block-archives-list wp-block-archives\">\t<li><a href='https:\/\/www.bimmerl.at\/index.php\/2026\/01\/'>Januar 2026<\/a><\/li>\n<\/ul>\n\n\n<p><\/p>\n\n\n\n<p><\/p>\n<\/div>\n<\/div>\n<\/div>\n<\/div>\n","protected":false},"excerpt":{"rendered":"<p>&#8230; schon wieder eine neue homepage? Jetzt wo das Internet schon so alt ist (und ich noch um einiges \u00e4lter!) beginne ich mit dem Schreiben von Blogs, m\u00f6chte ich Podcasts erstellen! Wozu das alles? Weil mir so fad ist? Weil ich glaube, dass ich der Welt da drau\u00dfen (wo das &#8222;drau\u00dfen&#8220; auch immer ist!) etwas [&hellip;]<\/p>\n","protected":false},"author":1,"featured_media":0,"parent":0,"menu_order":0,"comment_status":"closed","ping_status":"closed","template":"","meta":{"footnotes":""},"class_list":["post-11","page","type-page","status-publish","hentry"],"_links":{"self":[{"href":"https:\/\/www.bimmerl.at\/index.php\/wp-json\/wp\/v2\/pages\/11","targetHints":{"allow":["GET"]}}],"collection":[{"href":"https:\/\/www.bimmerl.at\/index.php\/wp-json\/wp\/v2\/pages"}],"about":[{"href":"https:\/\/www.bimmerl.at\/index.php\/wp-json\/wp\/v2\/types\/page"}],"author":[{"embeddable":true,"href":"https:\/\/www.bimmerl.at\/index.php\/wp-json\/wp\/v2\/users\/1"}],"replies":[{"embeddable":true,"href":"https:\/\/www.bimmerl.at\/index.php\/wp-json\/wp\/v2\/comments?post=11"}],"version-history":[{"count":18,"href":"https:\/\/www.bimmerl.at\/index.php\/wp-json\/wp\/v2\/pages\/11\/revisions"}],"predecessor-version":[{"id":140,"href":"https:\/\/www.bimmerl.at\/index.php\/wp-json\/wp\/v2\/pages\/11\/revisions\/140"}],"wp:attachment":[{"href":"https:\/\/www.bimmerl.at\/index.php\/wp-json\/wp\/v2\/media?parent=11"}],"curies":[{"name":"wp","href":"https:\/\/api.w.org\/{rel}","templated":true}]}}